s the units digit of f(1)?
5
Let j(z) = 62*z + 35. What is the tens digit of j(2)?
5
Let h = 656 - 326. What is the tens digit of h?
3
Let c be (-2)/12 + 1/6. Suppose l - 2*a - 90 = c, 0*a + a - 1 = 0. Suppose d = 5*d - l. What is the units digit of d?
3
Let o(j) = j**2 - j - 1. Let x(u) = -5*u**2 + 26*u + 25. Let y(v) = -6*o(v) - x(v). What is the units digit of y(-15)?
6
Suppose 6*y = 2*y + 128. Suppose 3*p - 3*u + 4*u - y = 0, 3*p = 3*u + 24. Let x(c) = 3*c - 19. What is the tens digit of x(p)?
1
What is the tens digit of 2080512/1404 - 2/26*-2?
8
Let y(j) = -2*j**2 - 2*j + 4. Let d be y(-3). Let t be (-14)/d + (-15)/20. Suppose t - 49 = -p. What is the tens digit of p?
4
What is the units digit of 1/3*(21 + -11)*342?
0
Let f(z) = 288*z + 68. What is the thousands digit of f(5)?
1
Suppose 4*w - 24 = 8*w. What is the hundreds digit of ((-4)/w)/(8/2964)?
2
Let b be 276/1 + (-6 + 3)*-1. Let w = -116 + b. What is the units digit of w?
3
What is the hundreds digit of 728 - (5/(-15))/((-2)/(-36))?
7
Suppose 5*b + 9 = -j - 7, b = -2*j + 4. Suppose -5*d + 51 = -j*d. Suppose -d = -5*m - u + 94, -2*m + 58 = 2*u. What is the units digit of m?
9
Suppose -u + l + 4*l = -936, 5*u - 3*l - 4592 = 0. What is the tens digit of u?
1
Let y(h) = 23*h**3 + h**2 - 2*h + 2. Let d be y(-3). Let m = d + 897. What is the units digit of 2/5 + m/5?
9
Let l(u) = 151*u - 199. What is the hundreds digit of l(3)?
2
Let b = 12 + -12. Suppose 2*t + 3 + 1 = b. What is the tens digit of 16 + 9/3 + t?
1
Suppose -58 - 20 = -3*f. Let d = f - 19. Let p(l) = l**3 - 6*l**2 - l - 3. What is the units digit of p(d)?
9
What is the hundreds digit of 4730/(3 + 2) - (-28)/(-14)?
9
Let z(a) = -a**3 + 9*a**2 - 2*a - 10. Let y be z(8). Suppose y = 3*w - 151. Suppose 5*l - 4*j = 83, 5*j = -3*l + 3*j + w. What is the tens digit of l?
1
Suppose 5*u = -4*k + 4374 + 9015, 0 = -2*u - 5*k + 5359. What is the hundreds digit of u?
6
Let f(q) = -4*q - 10. Let n be f(-3). Suppose 285 = n*m + 3*m. What is the tens digit of m?
5
Suppose -8 + 28 = 5*c. Suppose -c*d + 57 + 339 = 4*r, -d + 3*r + 87 = 0. Suppose -d = -4*x + 5*l, -3*x + 3*l + 72 = 4*l. What is the tens digit of x?
2
Suppose -3*t + 296 + 181 = 0. What is the tens digit of t?
5
Let s(b) = 2*b**2 - 5*b + 21. Let d be 38/5 - (5 + 108/(-20)). What is the tens digit of s(d)?
0
Let z(s) = -9*s + 12. Let p be z(-8). Suppose -2*r + 4*r = p. Suppose 3*c + 12 = r. What is the tens digit of c?
1
Let g(f) = 112*f**3 + f**2 - f. Let k be g(1). Suppose h + t = k - 32, -4*h + t + 320 = 0. What is the units digit of h?
0
Suppose 0 = 35*p - 18810 - 12550. What is the tens digit of p?
9
Let g(h) = -h**2 + 6*h + 11. Let q be g(7). Suppose -614 = -q*i - 10. What is the tens digit of i?
5
Let k(h) = 9*h - 41. Let c be k(6). Suppose 3*n = -v + 15, 5*n - 57 - 18 = -5*v. Let t = v - c. What is the units digit of t?
2
Let a(k) = -k**3 + 7*k**2 + 2*k - 8. Let c be 7/49 - 6/(-7). Suppose 6 = i - c. What is the units digit of a(i)?
6
Let h(r) = 5 - 4 - 1 + 13*r. What is the tens digit of h(1)?
1
Let w = -529 + 1107. What is the units digit of w?
8
Let w(l) = -l**2 - 12*l - 9. Let x = 1 + -11. Let r be w(x). What is the units digit of (1 + r)/(14/35)?
0
Let i(y) = y**3 + 40*y**2 - 30*y + 149. What is the hundreds digit of i(-40)?
3
Let p = 1011 - 50. What is the units digit of p?
1
Let a(o) = 2*o**2 + o - 4. Let c be a(-4). Suppose 0 = -5*b - c + 104. What is the tens digit of b?
1
Let w(v) = 5*v**3 - 14*v**2 - 12*v + 48. Let d(l) = -6*l**3 + 13*l**2 + 11*l - 49. Let n(c) = 6*d(c) + 7*w(c). What is the tens digit of n(-19)?
2
Let n(l) = l + 24. Let w(o) = 2*o - 3. Let u be w(-4). What is the tens digit of n(u)?
1
Let k(z) be the second derivative of -8*z - 13/2*z**2 + 11/12*z**4 + 0 - 1/2*z**3 + 1/20*z**5. What is the tens digit of k(-11)?
2
Let s be (1/3)/(2/(-6)) - -132. Let l = -41 + s. What is the units digit of l?
0
Suppose 141*d + 6632 = 145*d. What is the tens digit of d?
5
Let j = -2 - -13. Let m = -9 + j. What is the units digit of -6*m/(-4)*7?
1
Let p(s) be the third derivative of s**6/120 - 13*s**5/60 - s**4/3 + 3*s**3/2 - 9*s**2. What is the tens digit of p(14)?
9
Let r = -23 - -76. Suppose r = f + 4*t, -34 = -f - 2*t + 9. Suppose f = 4*b + 13. What is the units digit of b?
5
What is the hundreds digit of (17000 + 1)*(-18)/(-54)?
6
Let d = -321 - -1102. Suppose 622 = 4*k - g, -2*g = -5*k + g + d. What is the units digit of k?
5
Let i(d) = -d**2 + d + 1. Let v(j) = -2*j**2 + 3*j + 7. Let o(q) = i(q) - v(q). What is the tens digit of o(13)?
3
What is the units digit of ((-24280)/(-2))/4*15/15?
5
Suppose 5*j = -3*w - 80, j - w + 4*w + 4 = 0. Let u = -20 - j. What is the units digit of 3*(-1)/u - 2?
1
Let f = -140 - -245. Let r = f + -37. What is the units digit of r?
8
Suppose c = -5*t + 4*c + 339, 4*t = 4*c + 268. Let v = -164 + 166. Suppose v*a - t = 25. What is the tens digit of a?
4
Let r(n) = 3*n - 2. Let i be r(5). Let g(d) = d**3 - 12*d**2 - 5*d - 19. Let w be g(i). Let f = 119 - w. What is the units digit of f?
4
Let g(v) = v**2 + 13*v + 3. Let r be g(-13). Suppose -r*k = -2*z - 3*z - 6, -4*k + 4*z = -8. Suppose -k*o = -5*o + 75. What is the units digit of o?
5
Let x(u) = -2*u**2 + 3*u + 41. Let h be x(12). Let i = h - -329. What is the units digit of i?
8
Let f(g) = g**2 - 2. Let l(a) = -a + 16. Let q be l(16). Suppose q*b - 30 = -6*b. What is the units digit of f(b)?
3
What is the hundreds digit of -2398*-9*5/30?
5
Let g = 108 + -110. What is the units digit of (-3)/2 + 3 - 13/g?
8
Suppose -449*i + 450*i = 59. What is the tens digit of i?
5
Suppose 18 + 7 = 5*v. Let g(m) = 7*m - 16. What is the tens digit of g(v)?
1
Let t = -152 - -333. What is the tens digit of t?
8
Let r = -4 - -2. Let f(i) = 28*i - 2 - 18*i - 10*i - 16*i. What is the units digit of f(r)?
0
Suppose -3*b + 3*m - 4*m + 607 = 0, 1025 = 5*b - 5*m. What is the hundreds digit of b?
2
Let a be (-4)/(-6) - ((-120)/(-9))/(-4). Suppose -8*c + 248 = -a*c. What is the tens digit of c?
6
Suppose 6*g = 9*g - 336. Suppose 26 = -3*p - g. Let i = -26 - p. What is the units digit of i?
0
Let d be 21/42 + (-27)/2. What is the tens digit of (d - -12)/(2/(-70))?
3
Let q = -67 + 63. What is the tens digit of (6 + q)*2/2 + 196?
9
Suppose -5*v + v + 4*u - 40 = 0, 4*v = 3*u - 36. Let z(o) = -o**3 - 3*o**2 + 7*o - 7. What is the units digit of z(v)?
9
Let l be (-244)/(-3)*12/8. Let u = 168 - l. What is the units digit of u?
6
What is the tens digit of (3/(9/2))/((-276)/(-531162))?
8
Suppose 2*l - 3*o = 193, 5*l - 3*o - 174 - 295 = 0. What is the tens digit of l?
9
Let s = -7 - -4. Let r be 95 + 2 - 0/s. Suppose 5*b + h - 82 = 0, -b - 4*h - r = -6*b. What is the units digit of b?
7
Let c(s) = 14*s**2 - 2*s + 9. Let g(l) = 15*l**2 - l + 10. Let x(w) = 4*c(w) - 3*g(w). What is the tens digit of x(2)?
4
Suppose 295*u - 20816 = 287*u. What is the hundreds digit of u?
6
Let b = 4 - 1. Suppose 2*t + b*t = 5*d, d + 3 = 2*t. What is the units digit of (-8)/(-12) + 16/t?
6
Suppose 4*w - 17295 = -5*j + 6*w, 5*w = -4*j + 13803. What is the thousands digit of j?
3
What is the units digit of 22*14 + (-1 + 3)*-1?
6
Let u(v) = v**3 + 13*v**2 - 2*v + 3. Let n(w) = -4*w**2 + 2*w + 7. Let t be n(-2). What is the units digit of u(t)?
9
Suppose d + 15 - 1 = 4*s, 5*s - 5 = -5*d. Let x = 96 - 17. Suppose s*l = h - 1 + x, -3*l = 5*h - 60. What is the units digit of l?
5
Suppose 3*b + 3*g = 141, 6 = 4*g + 26. What is the units digit of b?
2
Suppose 5*w - 3 = 27. Let g be (-8 - 6)*w/(-4). Let q = -18 + g. What is the units digit of q?
3
Suppose f - 2 = n, -3*n - 2*f + 16 = 2. Let v be (n/(-5))/((-1)/5). Suppose -v - 1 = 3*g, 3*u = 4*g + 46. What is the tens digit of u?
1
Suppose 7493 = 5*v - 3*l, l = 43*v - 41*v - 2998. What is the units digit of v?
1
Suppose 0*v - v - 2 = 0. Let x = -9 - v. What is the tens digit of (-2)/7 - 408/x?
5
Let t(w) = 2*w - 25. Let y be t(-10). What is the hundreds digit of 18/y - 1521/(-15)?
1
Suppose -9*k = -282 - 168. What is the units digit of k?
0
Let q(w) be the third derivative of 0*w + 2/15*w**5 + 5/24*w**4 + 10*w**2 + 0 + 1/2*w**3. What is the units digit of q(-3)?
0
Let w(f) be the first derivative of -f**4/4 + 11*f**3/3 + 13*f**2/2 - 26*f + 23. What is the tens digit of w(11)?
1
Let z be ((-5